{"id":497,"date":"2023-04-14T09:20:50","date_gmt":"2023-04-14T09:20:50","guid":{"rendered":"http:\/\/www.patriciacalvodeluis.com\/index.php\/detalles-del-proyecto-2-3-2-2-2-3\/"},"modified":"2024-01-30T22:09:04","modified_gmt":"2024-01-30T22:09:04","slug":"san-valentin","status":"publish","type":"page","link":"https:\/\/www.patriciacalvodeluis.com\/index.php\/san-valentin\/","title":{"rendered":"San Valent\u00edn"},"content":{"rendered":"\n<div class=\"wp-block-cover alignfull\" style=\"min-height:193px;aspect-ratio:unset;\"><span aria-hidden=\"true\" class=\"wp-block-cover__background has-nv-site-bg-background-color has-background-dim-100 has-background-dim\"><\/span><div class=\"wp-block-cover__inner-container is-layout-flow wp-block-cover-is-layout-flow\">\n<div class=\"wp-block-group\"><div class=\"wp-block-group__inner-container is-layout-flow wp-block-group-is-layout-flow\">\n<div class=\"wp-block-columns are-vertically-aligned-center is-layout-flex wp-container-core-columns-is-layout-8f761849 wp-block-columns-is-layout-flex\">\n<div class=\"wp-block-column is-vertically-aligned-center is-layout-flow wp-block-column-is-layout-flow\" style=\"flex-basis:70%\">\n<p class=\"has-neve-text-color-color has-text-color wp-block-paragraph\" style=\"font-size:18px\">CLIENTE: Gobierno de La Rioja<\/p>\n\n\n\n<p class=\"has-neve-text-color-color has-text-color wp-block-paragraph\" style=\"font-size:18px\">Campa\u00f1a de comunicaci\u00f3n de la C\u00e1mara de Comercio e Industria de La Rioja y el Ayuntamiento para dinamizar el comercio e incentivar en San Valent\u00edn. Creatividad, campa\u00f1a publicitaria y acciones promocionales.<\/p>\n\n\n\n<p class=\"wp-block-paragraph\"><\/p>\n<\/div>\n\n\n\n<div class=\"wp-block-column is-vertically-aligned-center is-layout-flow wp-block-column-is-layout-flow\" style=\"flex-basis:30%\"><\/div>\n<\/div>\n<\/div><\/div>\n<\/div><\/div>\n\n\n\n<div class=\"wp-block-cover alignfull\" style=\"min-height:600px;aspect-ratio:unset;\"><span aria-hidden=\"true\" class=\"wp-block-cover__background has-nv-site-bg-background-color has-background-dim-100 has-background-dim\"><\/span><div class=\"wp-block-cover__inner-container is-layout-flow wp-block-cover-is-layout-flow\">\n<div class=\"wp-block-group\"><div class=\"wp-block-group__inner-container is-layout-flow wp-block-group-is-layout-flow\">\n<div style=\"height:0px\" aria-hidden=\"true\" class=\"wp-block-spacer\"><\/div>\n\n\n\n<div class=\"wp-block-columns is-layout-flex wp-container-core-columns-is-layout-8f761849 wp-block-columns-is-layout-flex\">\n<div class=\"wp-block-column is-layout-flow wp-block-column-is-layout-flow\" style=\"flex-basis:100%\">\n<figure class=\"wp-block-gallery has-nested-images columns-default is-cropped wp-block-gallery-1 is-layout-flex wp-block-gallery-is-layout-flex\">\n<figure class=\"wp-block-image size-large\"><img decoding=\"async\" width=\"1024\" height=\"690\" data-id=\"527\" src=\"http:\/\/www.patriciacalvodeluis.com\/wp-content\/uploads\/2024\/01\/san-valentin-cartel-1024x690.jpg\" alt=\"\" class=\"wp-image-527\" srcset=\"https:\/\/www.patriciacalvodeluis.com\/wp-content\/uploads\/2024\/01\/san-valentin-cartel-1024x690.jpg 1024w, https:\/\/www.patriciacalvodeluis.com\/wp-content\/uploads\/2024\/01\/san-valentin-cartel-300x202.jpg 300w, https:\/\/www.patriciacalvodeluis.com\/wp-content\/uploads\/2024\/01\/san-valentin-cartel-768x517.jpg 768w, https:\/\/www.patriciacalvodeluis.com\/wp-content\/uploads\/2024\/01\/san-valentin-cartel.jpg 1450w\" sizes=\"(max-width: 1024px) 100vw, 1024px\" \/><\/figure>\n<\/figure>\n\n\n\n<div style=\"height:40px\" aria-hidden=\"true\" class=\"wp-block-spacer\"><\/div>\n<\/div>\n<\/div>\n\n\n\n<figure class=\"wp-block-image size-large is-resized\"><img decoding=\"async\" width=\"1024\" height=\"690\" src=\"http:\/\/www.patriciacalvodeluis.com\/wp-content\/uploads\/2024\/01\/san-valentin-4-1024x690.jpg\" alt=\"\" class=\"wp-image-529\" style=\"width:1170px\" srcset=\"https:\/\/www.patriciacalvodeluis.com\/wp-content\/uploads\/2024\/01\/san-valentin-4-1024x690.jpg 1024w, https:\/\/www.patriciacalvodeluis.com\/wp-content\/uploads\/2024\/01\/san-valentin-4-300x202.jpg 300w, https:\/\/www.patriciacalvodeluis.com\/wp-content\/uploads\/2024\/01\/san-valentin-4-768x517.jpg 768w, https:\/\/www.patriciacalvodeluis.com\/wp-content\/uploads\/2024\/01\/san-valentin-4.jpg 1450w\" sizes=\"(max-width: 1024px) 100vw, 1024px\" \/><\/figure>\n\n\n\n<div style=\"height:40px\" aria-hidden=\"true\" class=\"wp-block-spacer\"><\/div>\n<\/div><\/div>\n<\/div><\/div>\n","protected":false},"excerpt":{"rendered":"","protected":false},"author":1,"featured_media":517,"parent":0,"menu_order":0,"comment_status":"closed","ping_status":"closed","template":"","meta":{"om_disable_all_campaigns":false,"_monsterinsights_skip_tracking":false,"_uf_show_specific_survey":0,"_uf_disable_surveys":false,"neve_meta_sidebar":"","neve_meta_container":"","neve_meta_enable_content_width":"on","neve_meta_content_width":100,"neve_meta_title_alignment":"","neve_meta_author_avatar":"","neve_post_elements_order":"","neve_meta_disable_header":"","neve_meta_disable_footer":"","neve_meta_disable_title":"on","footnotes":""},"class_list":["post-497","page","type-page","status-publish","has-post-thumbnail","hentry"],"aioseo_notices":[],"yoast_head":"<!-- This site is optimized with the Yoast SEO plugin v24.5 - https:\/\/yoast.com\/wordpress\/plugins\/seo\/ -->\n<title>San Valent\u00edn - Patricia Calvo de Luis<\/title>\n<meta name=\"robots\" content=\"index, follow, max-snippet:-1, max-image-preview:large, max-video-preview:-1\" \/>\n<link rel=\"canonical\" href=\"https:\/\/www.patriciacalvodeluis.com\/index.php\/san-valentin\/\" \/>\n<meta property=\"og:locale\" content=\"es_ES\" \/>\n<meta property=\"og:type\" content=\"article\" \/>\n<meta property=\"og:title\" content=\"San Valent\u00edn - Patricia Calvo de Luis\" \/>\n<meta property=\"og:url\" content=\"https:\/\/www.patriciacalvodeluis.com\/index.php\/san-valentin\/\" \/>\n<meta property=\"og:site_name\" content=\"Patricia Calvo de Luis\" \/>\n<meta property=\"article:modified_time\" content=\"2024-01-30T22:09:04+00:00\" \/>\n<meta property=\"og:image\" content=\"https:\/\/www.patriciacalvodeluis.com\/wp-content\/uploads\/2024\/01\/san-valentin-dest.jpg\" \/>\n\t<meta property=\"og:image:width\" content=\"1277\" \/>\n\t<meta property=\"og:image:height\" content=\"1278\" \/>\n\t<meta property=\"og:image:type\" content=\"image\/jpeg\" \/>\n<meta name=\"twitter:card\" content=\"summary_large_image\" \/>\n<meta name=\"twitter:label1\" content=\"Tiempo de lectura\" \/>\n\t<meta name=\"twitter:data1\" content=\"1 minuto\" \/>\n<script type=\"application\/ld+json\" class=\"yoast-schema-graph\">{\"@context\":\"https:\/\/schema.org\",\"@graph\":[{\"@type\":\"WebPage\",\"@id\":\"https:\/\/www.patriciacalvodeluis.com\/index.php\/san-valentin\/\",\"url\":\"https:\/\/www.patriciacalvodeluis.com\/index.php\/san-valentin\/\",\"name\":\"San Valent\u00edn - Patricia Calvo de Luis\",\"isPartOf\":{\"@id\":\"https:\/\/www.patriciacalvodeluis.com\/#website\"},\"primaryImageOfPage\":{\"@id\":\"https:\/\/www.patriciacalvodeluis.com\/index.php\/san-valentin\/#primaryimage\"},\"image\":{\"@id\":\"https:\/\/www.patriciacalvodeluis.com\/index.php\/san-valentin\/#primaryimage\"},\"thumbnailUrl\":\"https:\/\/www.patriciacalvodeluis.com\/wp-content\/uploads\/2024\/01\/san-valentin-dest.jpg\",\"datePublished\":\"2023-04-14T09:20:50+00:00\",\"dateModified\":\"2024-01-30T22:09:04+00:00\",\"breadcrumb\":{\"@id\":\"https:\/\/www.patriciacalvodeluis.com\/index.php\/san-valentin\/#breadcrumb\"},\"inLanguage\":\"es\",\"potentialAction\":[{\"@type\":\"ReadAction\",\"target\":[\"https:\/\/www.patriciacalvodeluis.com\/index.php\/san-valentin\/\"]}]},{\"@type\":\"ImageObject\",\"inLanguage\":\"es\",\"@id\":\"https:\/\/www.patriciacalvodeluis.com\/index.php\/san-valentin\/#primaryimage\",\"url\":\"https:\/\/www.patriciacalvodeluis.com\/wp-content\/uploads\/2024\/01\/san-valentin-dest.jpg\",\"contentUrl\":\"https:\/\/www.patriciacalvodeluis.com\/wp-content\/uploads\/2024\/01\/san-valentin-dest.jpg\",\"width\":1277,\"height\":1278},{\"@type\":\"BreadcrumbList\",\"@id\":\"https:\/\/www.patriciacalvodeluis.com\/index.php\/san-valentin\/#breadcrumb\",\"itemListElement\":[{\"@type\":\"ListItem\",\"position\":1,\"name\":\"Portada\",\"item\":\"https:\/\/www.patriciacalvodeluis.com\/\"},{\"@type\":\"ListItem\",\"position\":2,\"name\":\"San Valent\u00edn\"}]},{\"@type\":\"WebSite\",\"@id\":\"https:\/\/www.patriciacalvodeluis.com\/#website\",\"url\":\"https:\/\/www.patriciacalvodeluis.com\/\",\"name\":\"Patricia Calvo de Luis\",\"description\":\"\",\"publisher\":{\"@id\":\"https:\/\/www.patriciacalvodeluis.com\/#organization\"},\"potentialAction\":[{\"@type\":\"SearchAction\",\"target\":{\"@type\":\"EntryPoint\",\"urlTemplate\":\"https:\/\/www.patriciacalvodeluis.com\/?s={search_term_string}\"},\"query-input\":{\"@type\":\"PropertyValueSpecification\",\"valueRequired\":true,\"valueName\":\"search_term_string\"}}],\"inLanguage\":\"es\"},{\"@type\":\"Organization\",\"@id\":\"https:\/\/www.patriciacalvodeluis.com\/#organization\",\"name\":\"Patricia Calvo de Luis\",\"url\":\"https:\/\/www.patriciacalvodeluis.com\/\",\"logo\":{\"@type\":\"ImageObject\",\"inLanguage\":\"es\",\"@id\":\"https:\/\/www.patriciacalvodeluis.com\/#\/schema\/logo\/image\/\",\"url\":\"\",\"contentUrl\":\"\",\"caption\":\"Patricia Calvo de Luis\"},\"image\":{\"@id\":\"https:\/\/www.patriciacalvodeluis.com\/#\/schema\/logo\/image\/\"}}]}<\/script>\n<!-- \/ Yoast SEO plugin. -->","yoast_head_json":{"title":"San Valent\u00edn - Patricia Calvo de Luis","robots":{"index":"index","follow":"follow","max-snippet":"max-snippet:-1","max-image-preview":"max-image-preview:large","max-video-preview":"max-video-preview:-1"},"canonical":"https:\/\/www.patriciacalvodeluis.com\/index.php\/san-valentin\/","og_locale":"es_ES","og_type":"article","og_title":"San Valent\u00edn - Patricia Calvo de Luis","og_url":"https:\/\/www.patriciacalvodeluis.com\/index.php\/san-valentin\/","og_site_name":"Patricia Calvo de Luis","article_modified_time":"2024-01-30T22:09:04+00:00","og_image":[{"width":1277,"height":1278,"url":"https:\/\/www.patriciacalvodeluis.com\/wp-content\/uploads\/2024\/01\/san-valentin-dest.jpg","type":"image\/jpeg"}],"twitter_card":"summary_large_image","twitter_misc":{"Tiempo de lectura":"1 minuto"},"schema":{"@context":"https:\/\/schema.org","@graph":[{"@type":"WebPage","@id":"https:\/\/www.patriciacalvodeluis.com\/index.php\/san-valentin\/","url":"https:\/\/www.patriciacalvodeluis.com\/index.php\/san-valentin\/","name":"San Valent\u00edn - Patricia Calvo de Luis","isPartOf":{"@id":"https:\/\/www.patriciacalvodeluis.com\/#website"},"primaryImageOfPage":{"@id":"https:\/\/www.patriciacalvodeluis.com\/index.php\/san-valentin\/#primaryimage"},"image":{"@id":"https:\/\/www.patriciacalvodeluis.com\/index.php\/san-valentin\/#primaryimage"},"thumbnailUrl":"https:\/\/www.patriciacalvodeluis.com\/wp-content\/uploads\/2024\/01\/san-valentin-dest.jpg","datePublished":"2023-04-14T09:20:50+00:00","dateModified":"2024-01-30T22:09:04+00:00","breadcrumb":{"@id":"https:\/\/www.patriciacalvodeluis.com\/index.php\/san-valentin\/#breadcrumb"},"inLanguage":"es","potentialAction":[{"@type":"ReadAction","target":["https:\/\/www.patriciacalvodeluis.com\/index.php\/san-valentin\/"]}]},{"@type":"ImageObject","inLanguage":"es","@id":"https:\/\/www.patriciacalvodeluis.com\/index.php\/san-valentin\/#primaryimage","url":"https:\/\/www.patriciacalvodeluis.com\/wp-content\/uploads\/2024\/01\/san-valentin-dest.jpg","contentUrl":"https:\/\/www.patriciacalvodeluis.com\/wp-content\/uploads\/2024\/01\/san-valentin-dest.jpg","width":1277,"height":1278},{"@type":"BreadcrumbList","@id":"https:\/\/www.patriciacalvodeluis.com\/index.php\/san-valentin\/#breadcrumb","itemListElement":[{"@type":"ListItem","position":1,"name":"Portada","item":"https:\/\/www.patriciacalvodeluis.com\/"},{"@type":"ListItem","position":2,"name":"San Valent\u00edn"}]},{"@type":"WebSite","@id":"https:\/\/www.patriciacalvodeluis.com\/#website","url":"https:\/\/www.patriciacalvodeluis.com\/","name":"Patricia Calvo de Luis","description":"","publisher":{"@id":"https:\/\/www.patriciacalvodeluis.com\/#organization"},"potentialAction":[{"@type":"SearchAction","target":{"@type":"EntryPoint","urlTemplate":"https:\/\/www.patriciacalvodeluis.com\/?s={search_term_string}"},"query-input":{"@type":"PropertyValueSpecification","valueRequired":true,"valueName":"search_term_string"}}],"inLanguage":"es"},{"@type":"Organization","@id":"https:\/\/www.patriciacalvodeluis.com\/#organization","name":"Patricia Calvo de Luis","url":"https:\/\/www.patriciacalvodeluis.com\/","logo":{"@type":"ImageObject","inLanguage":"es","@id":"https:\/\/www.patriciacalvodeluis.com\/#\/schema\/logo\/image\/","url":"","contentUrl":"","caption":"Patricia Calvo de Luis"},"image":{"@id":"https:\/\/www.patriciacalvodeluis.com\/#\/schema\/logo\/image\/"}}]}},"_links":{"self":[{"href":"https:\/\/www.patriciacalvodeluis.com\/index.php\/wp-json\/wp\/v2\/pages\/497","targetHints":{"allow":["GET"]}}],"collection":[{"href":"https:\/\/www.patriciacalvodeluis.com\/index.php\/wp-json\/wp\/v2\/pages"}],"about":[{"href":"https:\/\/www.patriciacalvodeluis.com\/index.php\/wp-json\/wp\/v2\/types\/page"}],"author":[{"embeddable":true,"href":"https:\/\/www.patriciacalvodeluis.com\/index.php\/wp-json\/wp\/v2\/users\/1"}],"replies":[{"embeddable":true,"href":"https:\/\/www.patriciacalvodeluis.com\/index.php\/wp-json\/wp\/v2\/comments?post=497"}],"version-history":[{"count":6,"href":"https:\/\/www.patriciacalvodeluis.com\/index.php\/wp-json\/wp\/v2\/pages\/497\/revisions"}],"predecessor-version":[{"id":721,"href":"https:\/\/www.patriciacalvodeluis.com\/index.php\/wp-json\/wp\/v2\/pages\/497\/revisions\/721"}],"wp:featuredmedia":[{"embeddable":true,"href":"https:\/\/www.patriciacalvodeluis.com\/index.php\/wp-json\/wp\/v2\/media\/517"}],"wp:attachment":[{"href":"https:\/\/www.patriciacalvodeluis.com\/index.php\/wp-json\/wp\/v2\/media?parent=497"}],"curies":[{"name":"wp","href":"https:\/\/api.w.org\/{rel}","templated":true}]}}

San Valentín

<div class="wp-block-cover alignfull" style="min-height:193px;aspect-ratio:unset;"><span aria-hidden="true" class="wp-block-cover__background has-nv-site-bg-background-color has-background-dim-100 has-background-dim"></span><div class="wp-block-cover__inner-container is-layout-flow wp-block-cover-is-layout-flow">
<div class="wp-block-group"><div class="wp-block-group__inner-container is-layout-flow wp-block-group-is-layout-flow">
<div class="wp-block-columns are-vertically-aligned-center is-layout-flex wp-container-core-columns-is-layout-8f761849 wp-block-columns-is-layout-flex">
<div class="wp-block-column is-vertically-aligned-center is-layout-flow wp-block-column-is-layout-flow" style="flex-basis:70%">
<p class="has-neve-text-color-color has-text-color wp-block-paragraph" style="font-size:18px">CLIENTE: Gobierno de La Rioja</p>



<p class="has-neve-text-color-color has-text-color wp-block-paragraph" style="font-size:18px">Campaña de comunicación de la Cámara de Comercio e Industria de La Rioja y el Ayuntamiento para dinamizar el comercio e incentivar en San Valentín. Creatividad, campaña publicitaria y acciones promocionales.</p>



<p class="wp-block-paragraph"></p>
</div>



<div class="wp-block-column is-vertically-aligned-center is-layout-flow wp-block-column-is-layout-flow" style="flex-basis:30%"></div>
</div>
</div></div>
</div></div>



<div class="wp-block-cover alignfull" style="min-height:600px;aspect-ratio:unset;"><span aria-hidden="true" class="wp-block-cover__background has-nv-site-bg-background-color has-background-dim-100 has-background-dim"></span><div class="wp-block-cover__inner-container is-layout-flow wp-block-cover-is-layout-flow">
<div class="wp-block-group"><div class="wp-block-group__inner-container is-layout-flow wp-block-group-is-layout-flow">
<div style="height:0px" aria-hidden="true" class="wp-block-spacer"></div>



<div class="wp-block-columns is-layout-flex wp-container-core-columns-is-layout-8f761849 wp-block-columns-is-layout-flex">
<div class="wp-block-column is-layout-flow wp-block-column-is-layout-flow" style="flex-basis:100%">
<figure class="wp-block-gallery has-nested-images columns-default is-cropped wp-block-gallery-1 is-layout-flex wp-block-gallery-is-layout-flex">
<figure class="wp-block-image size-large"><img decoding="async" width="1024" height="690" data-id="527" src="http://www.patriciacalvodeluis.com/wp-content/uploads/2024/01/san-valentin-cartel-1024x690.jpg" alt="" class="wp-image-527" srcset="https://www.patriciacalvodeluis.com/wp-content/uploads/2024/01/san-valentin-cartel-1024x690.jpg 1024w, https://www.patriciacalvodeluis.com/wp-content/uploads/2024/01/san-valentin-cartel-300x202.jpg 300w, https://www.patriciacalvodeluis.com/wp-content/uploads/2024/01/san-valentin-cartel-768x517.jpg 768w, https://www.patriciacalvodeluis.com/wp-content/uploads/2024/01/san-valentin-cartel.jpg 1450w" sizes="(max-width: 1024px) 100vw, 1024px" /></figure>
</figure>



<div style="height:40px" aria-hidden="true" class="wp-block-spacer"></div>
</div>
</div>



<figure class="wp-block-image size-large is-resized"><img decoding="async" width="1024" height="690" src="http://www.patriciacalvodeluis.com/wp-content/uploads/2024/01/san-valentin-4-1024x690.jpg" alt="" class="wp-image-529" style="width:1170px" srcset="https://www.patriciacalvodeluis.com/wp-content/uploads/2024/01/san-valentin-4-1024x690.jpg 1024w, https://www.patriciacalvodeluis.com/wp-content/uploads/2024/01/san-valentin-4-300x202.jpg 300w, https://www.patriciacalvodeluis.com/wp-content/uploads/2024/01/san-valentin-4-768x517.jpg 768w, https://www.patriciacalvodeluis.com/wp-content/uploads/2024/01/san-valentin-4.jpg 1450w" sizes="(max-width: 1024px) 100vw, 1024px" /></figure>



<div style="height:40px" aria-hidden="true" class="wp-block-spacer"></div>
</div></div>
</div></div>

<!-- This site is optimized with the Yoast SEO plugin v24.5 - https://yoast.com/wordpress/plugins/seo/ -->
<title>San Valentín - Patricia Calvo de Luis</title>
<meta name="robots" content="index, follow, max-snippet:-1, max-image-preview:large, max-video-preview:-1" />
<link rel="canonical" href="https://www.patriciacalvodeluis.com/index.php/san-valentin/" />
<meta property="og:locale" content="es_ES" />
<meta property="og:type" content="article" />
<meta property="og:title" content="San Valentín - Patricia Calvo de Luis" />
<meta property="og:url" content="https://www.patriciacalvodeluis.com/index.php/san-valentin/" />
<meta property="og:site_name" content="Patricia Calvo de Luis" />
<meta property="article:modified_time" content="2024-01-30T22:09:04+00:00" />
<meta property="og:image" content="https://www.patriciacalvodeluis.com/wp-content/uploads/2024/01/san-valentin-dest.jpg" />
	<meta property="og:image:width" content="1277" />
	<meta property="og:image:height" content="1278" />
	<meta property="og:image:type" content="image/jpeg" />
<meta name="twitter:card" content="summary_large_image" />
<meta name="twitter:label1" content="Tiempo de lectura" />
	<meta name="twitter:data1" content="1 minuto" />
<script type="application/ld+json" class="yoast-schema-graph">{"@context":"https://schema.org","@graph":[{"@type":"WebPage","@id":"https://www.patriciacalvodeluis.com/index.php/san-valentin/","url":"https://www.patriciacalvodeluis.com/index.php/san-valentin/","name":"San Valentín - Patricia Calvo de Luis","isPartOf":{"@id":"https://www.patriciacalvodeluis.com/#website"},"primaryImageOfPage":{"@id":"https://www.patriciacalvodeluis.com/index.php/san-valentin/#primaryimage"},"image":{"@id":"https://www.patriciacalvodeluis.com/index.php/san-valentin/#primaryimage"},"thumbnailUrl":"https://www.patriciacalvodeluis.com/wp-content/uploads/2024/01/san-valentin-dest.jpg","datePublished":"2023-04-14T09:20:50+00:00","dateModified":"2024-01-30T22:09:04+00:00","breadcrumb":{"@id":"https://www.patriciacalvodeluis.com/index.php/san-valentin/#breadcrumb"},"inLanguage":"es","potentialAction":[{"@type":"ReadAction","target":["https://www.patriciacalvodeluis.com/index.php/san-valentin/"]}]},{"@type":"ImageObject","inLanguage":"es","@id":"https://www.patriciacalvodeluis.com/index.php/san-valentin/#primaryimage","url":"https://www.patriciacalvodeluis.com/wp-content/uploads/2024/01/san-valentin-dest.jpg","contentUrl":"https://www.patriciacalvodeluis.com/wp-content/uploads/2024/01/san-valentin-dest.jpg","width":1277,"height":1278},{"@type":"BreadcrumbList","@id":"https://www.patriciacalvodeluis.com/index.php/san-valentin/#breadcrumb","itemListElement":[{"@type":"ListItem","position":1,"name":"Portada","item":"https://www.patriciacalvodeluis.com/"},{"@type":"ListItem","position":2,"name":"San Valentín"}]},{"@type":"WebSite","@id":"https://www.patriciacalvodeluis.com/#website","url":"https://www.patriciacalvodeluis.com/","name":"Patricia Calvo de Luis","description":"","publisher":{"@id":"https://www.patriciacalvodeluis.com/#organization"},"potentialAction":[{"@type":"SearchAction","target":{"@type":"EntryPoint","urlTemplate":"https://www.patriciacalvodeluis.com/?s={search_term_string}"},"query-input":{"@type":"PropertyValueSpecification","valueRequired":true,"valueName":"search_term_string"}}],"inLanguage":"es"},{"@type":"Organization","@id":"https://www.patriciacalvodeluis.com/#organization","name":"Patricia Calvo de Luis","url":"https://www.patriciacalvodeluis.com/","logo":{"@type":"ImageObject","inLanguage":"es","@id":"https://www.patriciacalvodeluis.com/#/schema/logo/image/","url":"","contentUrl":"","caption":"Patricia Calvo de Luis"},"image":{"@id":"https://www.patriciacalvodeluis.com/#/schema/logo/image/"}}]}</script>
<!-- / Yoast SEO plugin. -->

San Valentín - Patricia Calvo de Luis
